Suppose 2*w = g*c + 38, -2*w + 3*c = 8 - 41. Is (-3 + 810)*3/w composite?
False
Let v(b) be the second derivative of b**4/6 + 20*b**3/3 - 39*b**2/2 - 157*b. Is v(20) composite?
True
Suppose 14*p - 4160 = 2*s + 18*p, s + 2095 = -5*p. Let h = 4391 + s. Is h a prime number?
False
Let i(q) = q**3 - 4*q**2 - 4*q - 5. Let n be i(-3). Let m = n + 62. Is ((-6)/2)/m*-2*199 a composite number?
False
Let r(f) = 61*f**2 - 186*f + 142. Is r(-63) composite?
False
Let q(y) be the first derivative of -y**4/4 + 2*y**3 + 5*y**2 + y - 6. Let z be q(-4). Suppose 2*l - z = -k, -k + 61 = -l - 69. Is k composite?
False
Suppose -101*h - 3148121 = -9012484. Is h a composite number?
True
Let j(m) = -39*m + 4391. Let b be 0/(2/(2 + -2 + -2)). Is j(b) a prime number?
True
Let m be 172/(-24)*-3*(-2)/(-1). Let j = m + -47. Is 7 + j + (-1 - (1 + -1398)) a prime number?
True
Suppose -4*d + 1621 + 2903 = 0. Let v = -614 + d. Let p = -263 + v. Is p a composite number?
True
Let g be (-24)/(-18) - 2/(-3). Suppose -t - 5 = -g, -5*a = -2*t - 4571. Is a prime?
False
Suppose -26401 - 164211 = -2*p - i, -5*p + 476530 = -5*i. Is p prime?
False
Suppose 4*l + 20 = 5*c, c = -l - 4*l + 4. Let r be (-4 + c)/((-6)/(-3)). Let j(x) = -x**3 - 2*x + 163. Is j(r) composite?
False
Suppose -5*g = 2*y - 195751 + 7534, 0 = -4*g - y + 150576. Is g prime?
False
Suppose -6*t + 138 + 306 = 0. Suppose 2*x - 3*x = 5*i - t, -28 = -2*i - 2*x. Suppose 18*c - i*c = 2271. Is c composite?
False
Let x be 2/8 - (-2 + 27/12). Suppose x*o = 2*o - 3158. Is o a prime number?
True
Suppose 709635 = 5*b - 130520. Is b a composite number?
True
Let f(o) = -3*o**3 - 20*o**2 - 10*o + 13. Let i be f(-6). Is (i + -10 - -5 - 7407)*-1 a prime number?
True
Suppose -2*a + 5 = -13. Suppose 4*m = -m + 3*j + 156, -a = -3*j. Suppose -x + 143 = 3*i, -10 = -i + 2*x + m. Is i composite?
False
Let f be 35060/60 - (-1 + 1/3). Suppose 13370 = 5*h + f. Is h prime?
True
Suppose 1130 = 10*k - 830. Let o be ((-1191)/2)/((-21)/k). Suppose v = 1211 + o. Is v a prime number?
False
Let l(x) = x**3 - 15*x**2 + 2*x - 25. Let f be l(15). Suppose -1990 = -w + 4*k + 1195, -f*k + 12677 = 4*w. Is w a composite number?
True
Let b(u) = 17*u**3 + 14*u - 10. Let g(n) = 18*n**3 + 13*n - 11. Let m(x) = -5*b(x) + 6*g(x). Is m(3) composite?
True
Let m(v) be the third derivative of -v**6/120 + v**5/12 + 5*v**4/24 + 2137*v**3/6 + 2*v**2 - 2. Is m(0) a prime number?
True
Let p = 162 - 159. Suppose 53318 = 5*f - d, -d + 5497 = -p*f + 37489. Is f prime?
True
Suppose 6*r - h = 883150, 573*r + 3*h - 441561 = 570*r. Is r a composite number?
True
Suppose -3*n + 23 = -4. Let k be (-42)/n*(-3)/2*-2. Is ((-4)/6)/(k/3255) composite?
True
Suppose -k = -8167 - 248. Suppose -10074 = -w + k. Is w composite?
True
Let m be (-15272)/(-6)*(4 - 20/8). Suppose u = h + m, -2*h - 1700 - 13578 = -4*u. Is u a prime number?
True
Suppose -206*w - 3238699 = -229*w. Is w composite?
False
Let h be (-147)/(-28) + 6/8. Let r(w) = 46*w**3 - 44*w**3 + 4*w**2 - w**2 - h - 2*w + 1. Is r(4) composite?
False
Let d(k) = -91*k**3 - 27*k**2 - 187*k - 36. Is d(-7) a prime number?
False
Let c(f) = 7219*f + 5811. Is c(94) prime?
False
Suppose 12372 = 33*k - 21*k. Is k prime?
True
Let q(x) = 20 + 9*x**2 + 51 + 1019*x - 998*x. Is q(-17) prime?
False
Suppose -w + 4*w = 5*x - 51220, w = -2*x + 20488. Suppose -5*f + x = -7136. Suppose -4*i + 8*i = f. Is i a composite number?
True
Suppose -2*v + 5*y + 8 = 0, 0 = -v + 3*y - 2 + 6. Suppose -3*j - 9 = -m, -v = -3*m + 3*j + 5. Is ((-8827)/(-13))/(m + 1/1) a composite number?
True
Suppose 2*u - 8991 = -a, -5*u + 8994 = 4*a - 3*a. Let q(d) = d**3 + 2. Let k be q(0). Suppose k*m = a + 733. Is m prime?
True
Suppose 15*d - 1038302 = 360133. Is d composite?
False
Let w(a) = -2758*a + 98. Let j be w(-7). Suppose -3*s + 19390 = -11*p + 15*p, -4*s = -4*p + j. Is p composite?
True
Suppose -151861 = -5*n - 4*z, 151867 = 26*n - 21*n + 3*z. Is n composite?
True
Suppose -758409 = 5*i - 3132094. Is i a prime number?
True
Is -5 - ((-7967608)/1210)/((-1789)/895 - -2) a prime number?
False
Is 3502758/4 - (-100)/(-200) a composite number?
False
Let l be (140/49 - 2)*84. Is (0 - (-1899)/2) + (-36)/l composite?
True
Let w(l) = -l**3 + 6*l**2 - l + 8. Let c be 16/(-24) + 20/3. Let t be w(c). Suppose -t*v + 355 = 2*j - 393, 2*j - 5*v - 741 = 0. Is j prime?
True
Suppose -36*a - 3*u = -41*a + 344867, 2*u = a - 68965. Is a composite?
True
Let o(g) = -57*g**3 - 8*g**2 - 33*g + 135. Let j(i) = 113*i**3 + 15*i**2 + 65*i - 271. Let f(q) = 4*j(q) + 7*o(q). Is f(5) composite?
True
Let h = 36391 + -11864. Is h prime?
True
Let a(w) = 4*w**2 + 7*w - 6. Let y be a(1). Let q(m) = 6*m**3 - 4*m**2 - 8*m + 25. Is q(y) a composite number?
True
Suppose -4*i = 4*y - 1 + 21, 3*y = -i - 7. Let a = 27 + y. Suppose 21*v + 2215 = a*v. Is v a prime number?
True
Suppose -3038352 = -344*q + 328*q. Is q composite?
True
Let f = 31388 - 14097. Is f composite?
False
Suppose 429431 + 96381 = 24*u + 4*u. Is u composite?
True
Let i be ((-13)/(-2)*1)/((-26)/260). Let q = i - -59. Is (6412/q)/(-2) - (-24)/36 a composite number?
True
Let u(f) = -f**2 - f + 1. Let n(m) = 43*m**2 + 2*m + 53. Let j(k) = n(k) + 3*u(k). Is j(13) a prime number?
True
Let u(x) = -866*x + 5919. Is u(-100) a composite number?
True
Let p(n) = 5*n**3 + 6*n**2 - 11*n - 10. Suppose -73 - 143 = -24*s. Is p(s) a prime number?
False
Let l = 23556 - 3655. Is l prime?
False
Suppose -4*i + 47 + 17 = 0. Suppose -25 = -i*h + 11*h. Suppose 4*m - 454 = -2*p, -5*m = -p + h*p - 899. Is p composite?
True
Suppose m - 3*a + 1 = 0, 2*a - 7*a = 3*m + 59. Let r(k) = 19*k + 15. Let i(j) = 56*j + 43. Let q(z) = -3*i(z) + 8*r(z). Is q(m) a prime number?
True
Is 3150/(-675)*(-6369399)/6 a composite number?
True
Let i = -134982 - -253573. Is i prime?
False
Let o be (70204/(6 + -8))/((-4)/(-24)). Is (-4)/10*-1 - o/20 a composite number?
False
Is (30/((-180)/(-17301)))/(2/4) composite?
True
Let w = 127 + -110. Suppose w*k - 61031 = 123368. Is k a composite number?
False
Let j(c) = -7*c + 30. Let l be j(4). Suppose l*p - 17 = 3. Suppose 12*t - p*t - 1774 = 0. Is t a prime number?
True
Let p = -412 - -413. Is -31 + 7231 - (p + -8) prime?
True
Suppose 2 = -0*w - 2*w - 3*a, 4*w - 2*a = 12. Let q be (-5209)/(-4)*w + (-7)/(-14). Let r = q + -840. Is r a prime number?
False
Let h(y) = 16901*y**3 + 3*y**2 - y - 2. Is h(1) a composite number?
False
Suppose -n = 4*k - 69, -15*n + 19*n - 290 = -2*k. Suppose 2*t - y = n, -3*t - 6*y = -y - 142. Is t composite?
True
Let n(l) = -3*l + 20 - 71*l**2 + 15 + 82*l**2. Let v(y) = -y + 3. Let m be v(-3). Is n(m) a prime number?
False
Is 11/(825/(-5532025))*-3 composite?
False
Let p be (1768/85)/(3/(-5) + 1). Suppose 0 = 3*h - 2*h - 47. Suppose h*o - p*o = -815. Is o prime?
True
Suppose -a + 5*r = -60152, -27*a + 23*a = -5*r - 240533. Is a a prime number?
True
Let p(z) = 21*z**2 + 27*z - 12563. Is p(-151) a prime number?
True
Suppose 0 = -7*y + 3*y - 3*f + 460520, -4*y + 5*f + 460552 = 0. Is y composite?
False
Suppose 0 = 31*k - 9028036 + 1897509. Is k a composite number?
False
Let n(b) = 20*b**3 + b**2 - 4*b - 3. Let i be n(4). Let p be (85 - 0)*38/(-5)*1. Let k = p + i. Is k a composite number?
False
Suppose -4*o - 4104 = v, -1146 - 916 = 2*o + 3*v. Let y = o - -5886. Is y a prime number?
True
Let l be (-203)/14 + 1/2. Let y be (-25)/(-1)*(l + 12). Let q = y - -199. Is q composite?
False
Suppose 0 = 46*y - 45*y - 15. Suppose -3823 = -y*f - 1408. Is f a composite number?
True
Let d be (-1426)/(-3) + 4/6. Suppose 1686 = 54*h - 13704. Let i = d - h. Is i a prime number?
True
Let s(x) = 4 + 6 + 3*x + 7*x**2 - 10. Let h be s(1). Is 1426/h - (-24)/60 prime?
False
Let a(u) = -5140*u - 4039. Is a(-45) a prime number?
False
Suppose 4*h - 143*h + 71190 + 764895 = 0. Suppose 3*i = i - 568. Let z = h + i. Is z composite?
True
Let y(z) = 4937*z + 17925. Is y(76) a prime number?
True
Suppose -22*f + 3035513 + 1790913 = 0. Is f prime?
False
Let a be (-14)/35 + (-2)/((-20)/(-826)). Let c = a - -89. Suppose c*q - 7046 = 3748. Is q a prime number?
False
Is -18*(142665873/(-126))/43 composite?
True
Suppose -3*r - 3634452 = -4*w - 547408, r + 3858783 = 5*w. Is w prime?
False
Suppose 176700 = -146*l + 4175568 + 4343134. Is l prime?
False
Let d(g) = 10*g**3 + 15*g**2 